{"id":21,"date":"2018-10-24T13:57:42","date_gmt":"2018-10-24T10:57:42","guid":{"rendered":"http:\/\/www.softsalo.fi\/?page_id=21"},"modified":"2025-05-16T12:52:16","modified_gmt":"2025-05-16T09:52:16","slug":"ohjelmaesittelyt","status":"publish","type":"page","link":"https:\/\/www.softsalo.fi\/?page_id=21","title":{"rendered":"Ohjelmaesittelyt"},"content":{"rendered":"<div class=\"region region-content\">\n<div id=\"block-bartik-content\" class=\"block block-system block-system-main-block\">\n<div class=\"content\">\n<article class=\"node node--type-page node--view-mode-full clearfix\" role=\"article\" data-history-node-id=\"5\">\n<div class=\"node__content clearfix\">\n<div class=\"clearfix text-formatted field field--name-body field--type-text-with-summary field--label-hidden field__item\">\n<div id=\"content-core\">\n<hr \/>\n<p><a href=\"http:\/\/www.softsalo.fi\/?page_id=49\"><span class=\"summary\"><strong>Tilituki Pro &#8211; Kirjanpito ja laskutus\u00a0<\/strong> <\/span><\/a><\/p>\n<p><span class=\"description\">Yritysten ja maatilojen taloushallinta. Perusohjelmassa on mukana mm. kirjanpito, laskutus ja kannattavuuslaskenta. Lis\u00e4moduleina mm. vero-optimointi ja ostoreskontra.<\/span><\/p>\n<hr \/>\n<p><a href=\"http:\/\/www.softsalo.fi\/?page_id=53\"><span class=\"summary\"><strong>Tilituki Pro Mini\u00a0 &#8211; Maatalouskirjanpito<\/strong><\/span><\/a><\/p>\n<p><span class=\"description\">Helppok\u00e4ytt\u00f6inen maatilan verokirjanpito ja veroilmoitusten tulostus<\/span><\/p>\n<hr \/>\n<p><strong><a href=\"http:\/\/www.softsalo.fi\/?page_id=51\"><span class=\"summary\">Peltotuki Pro &#8211; Viljelysuunnittelu ja lohkokirjanpito<\/span><\/a><\/strong><\/p>\n<p><span class=\"description\">Nykyaikaisten viljelysuunnitteluohjelmistojen uranuurtaja, joka sis\u00e4lt\u00e4\u00e4 kaikki viljelyyn liittyv\u00e4t ATK-ty\u00f6kalut. Viljelysuunnitelma, lohkokirjanpito, s\u00e4hk\u00f6inen tukien haku, torjunta-aineiden k\u00e4ytt\u00f6rajoitukset ym. Laskee my\u00f6s kannattavuuden. Valinnaisina lis\u00e4moduleina mm. tukioptimointi ja karttaosa.<\/span><\/p>\n<hr \/>\n<p><a href=\"http:\/\/www.softsalo.fi\/?page_id=57\"><span class=\"summary\"><strong>Peltotuki Micro &#8211; Viljelysuunnitelma ja lohkokirjanpito ilmaiseksi<\/strong> <\/span><\/a><\/p>\n<p><span class=\"description\">Ilmainen viljelysuunnitteluohjelma, jossa mm. viljelysuunnitelma, lohkokirjanpito ja s\u00e4hk\u00f6inen tukihaku. My\u00f6s torjunta-aineiden k\u00e4ytt\u00f6rajoitukset. Eritt\u00e4in helppok\u00e4ytt\u00f6inen viljelyohjelmisto.<\/span><\/p>\n<hr \/>\n<p><a href=\"http:\/\/www.softsalo.fi\/?page_id=59\"><strong><span class=\"summary\">Prolasku\u00a0 &#8211; Ilmainen laskutusohjelma<\/span><\/strong><\/a><\/p>\n<p><span class=\"description\">Prolasku on helppok\u00e4ytt\u00f6inen ja itse ohjelmana ilmainen laskutusohjelma. K\u00e4yt\u00f6st\u00e4 ja yll\u00e4pidosta perit\u00e4\u00e4n kuitenkin pieni k\u00e4ytt\u00f6maksu, jotta ohjelma pysyy jatkuvasti ajan tasalla. Toimii my\u00f6s ilman nettiyhteytt\u00e4. Kokeile itse!<\/span><\/p>\n<\/div>\n<\/div>\n<\/div>\n<\/article>\n<\/div>\n<\/div>\n<\/div>\n","protected":false},"excerpt":{"rendered":"<p>Tilituki Pro &#8211; Kirjanpito ja laskutus\u00a0 Yritysten ja maatilojen taloushallinta. Perusohjelmassa on mukana mm. kirjanpito, laskutus ja kannattavuuslaskenta. Lis\u00e4moduleina mm. vero-optimointi ja ostoreskontra. Tilituki Pro Mini\u00a0 &#8211; Maatalouskirjanpito Helppok\u00e4ytt\u00f6inen maatilan verokirjanpito ja veroilmoitusten tulostus Peltotuki Pro &#8211; Viljelysuunnittelu ja lohkokirjanpito Nykyaikaisten viljelysuunnitteluohjelmistojen uranuurtaja, joka sis\u00e4lt\u00e4\u00e4 kaikki viljelyyn liittyv\u00e4t ATK-ty\u00f6kalut. Viljelysuunnitelma, lohkokirjanpito, s\u00e4hk\u00f6inen tukien haku, torjunta-aineiden&#8230;<\/p>\n","protected":false},"author":1,"featured_media":0,"parent":0,"menu_order":2,"comment_status":"closed","ping_status":"closed","template":"","meta":[],"_links":{"self":[{"href":"https:\/\/www.softsalo.fi\/index.php?rest_route=\/wp\/v2\/pages\/21"}],"collection":[{"href":"https:\/\/www.softsalo.fi\/index.php?rest_route=\/wp\/v2\/pages"}],"about":[{"href":"https:\/\/www.softsalo.fi\/index.php?rest_route=\/wp\/v2\/types\/page"}],"author":[{"embeddable":true,"href":"https:\/\/www.softsalo.fi\/index.php?rest_route=\/wp\/v2\/users\/1"}],"replies":[{"embeddable":true,"href":"https:\/\/www.softsalo.fi\/index.php?rest_route=%2Fwp%2Fv2%2Fcomments&post=21"}],"version-history":[{"count":10,"href":"https:\/\/www.softsalo.fi\/index.php?rest_route=\/wp\/v2\/pages\/21\/revisions"}],"predecessor-version":[{"id":876,"href":"https:\/\/www.softsalo.fi\/index.php?rest_route=\/wp\/v2\/pages\/21\/revisions\/876"}],"wp:attachment":[{"href":"https:\/\/www.softsalo.fi\/index.php?rest_route=%2Fwp%2Fv2%2Fmedia&parent=21"}],"curies":[{"name":"wp","href":"https:\/\/api.w.org\/{rel}","templated":true}]}}