{"id":23,"date":"2018-10-24T13:58:30","date_gmt":"2018-10-24T10:58:30","guid":{"rendered":"http:\/\/www.softsalo.fi\/?page_id=23"},"modified":"2026-04-07T10:40:31","modified_gmt":"2026-04-07T07:40:31","slug":"lataa-ohjelmia","status":"publish","type":"page","link":"https:\/\/www.softsalo.fi\/?page_id=23","title":{"rendered":"Lataa ohjelmia"},"content":{"rendered":"<div class=\"region region-content\">\n<div id=\"block-bartik-content\" class=\"block block-system block-system-main-block\">\n<div class=\"content\">\n<div>\n<p>Softsalon ohjelmien uusimmat versiot l\u00f6ytyv\u00e4t t\u00e4\u00e4lt\u00e4. Kaikki ohjelmat toimivat uusasennuksina, demoversioina ja ohjelmap\u00e4ivityksin\u00e4. Ohjelmakohtaisia ohjeita l\u00f6yd\u00e4t sivuston <a href=\"https:\/\/www.softsalo.fi\/?page_id=26\">Ohjeet<\/a>-kohdasta.<\/p>\n<hr \/>\n<p><a href=\"https:\/\/www.softsalo.fi\/asennusohjelmat\/asennawkuitti.exe\"><strong>Tilituki<\/strong><\/a><br \/>\nTilituki Pro versio 2026.11. Kirjanpito-ohjelma maatilalle ja yritykselle (laskutus, kirjanpito, ostoreskontra). P\u00e4ivitetty 5.2.2026<\/p>\n<\/div>\n<\/div>\n<\/div>\n<\/div>\n<hr \/>\n<p><strong><a href=\"https:\/\/www.softsalo.fi\/asennusohjelmat\/peltotukiasennus.exe\">Peltotuki<\/a><\/strong><br \/>\nPeltotuki Pro versio 2026.1. Viljelysuunnitteluohjelma maatilalle ja neuvojalle. P\u00e4ivitetty 7.4.2026<\/p>\n<hr \/>\n<p><strong><a href=\"https:\/\/www.softsalo.fi\/asennusohjelmat\/peltotukiasennus.exe\">Peltotuki Micro <\/a><\/strong><br \/>\nJos et omista Peltotuki Pro -ohjelmaa, ota t\u00e4st\u00e4 ilmainen Peltotuki Pro Micro. Tutustu ja k\u00e4yt\u00e4. Riskitt\u00e4.<\/p>\n<hr \/>\n<p><a href=\"https:\/\/www.softsalo.fi\/asennusohjelmat\/asennaprolasku.exe\"><strong>Prolasku<\/strong><\/a><br \/>\nHelppok\u00e4ytt\u00f6inen ja edullinen laskutusohjelma (versio 2026.11, p\u00e4ivitetty 16.3.2026) . Toimii uusasennuksena ja ohjelmap\u00e4ivityksen\u00e4.<\/p>\n<hr \/>\n<p><a href=\"https:\/\/www.softsalo.fi\/asennusohjelmat\/asennatiekuntapro.exe\"><strong>Tiekunta Pro<\/strong><\/a><br \/>\nTiekuntien yll\u00e4pito (poistumassa oleva ohjelma).<\/p>\n<hr \/>\n<p><a href=\"https:\/\/get.teamviewer.com\/akm69r6\"><strong>Tukiyhteys<\/strong><\/a><br \/>\nEt\u00e4yhteysohjelma, tallenna t\u00e4st\u00e4 koneellesi ja klikkaa auki. Yhteys voidaan muodostaa vain, kun olet yhteydess\u00e4 tukipuhelimeemme 02 777 1451<\/p>\n","protected":false},"excerpt":{"rendered":"<p>Softsalon ohjelmien uusimmat versiot l\u00f6ytyv\u00e4t t\u00e4\u00e4lt\u00e4. Kaikki ohjelmat toimivat uusasennuksina, demoversioina ja ohjelmap\u00e4ivityksin\u00e4. Ohjelmakohtaisia ohjeita l\u00f6yd\u00e4t sivuston Ohjeet-kohdasta. Tilituki Tilituki Pro versio 2026.11. Kirjanpito-ohjelma maatilalle ja yritykselle (laskutus, kirjanpito, ostoreskontra). P\u00e4ivitetty 5.2.2026 Peltotuki Peltotuki Pro versio 2026.1. Viljelysuunnitteluohjelma maatilalle ja neuvojalle. P\u00e4ivitetty 7.4.2026 Peltotuki Micro Jos et omista Peltotuki Pro -ohjelmaa, ota t\u00e4st\u00e4 ilmainen Peltotuki&#8230;<\/p>\n","protected":false},"author":1,"featured_media":0,"parent":0,"menu_order":3,"comment_status":"closed","ping_status":"closed","template":"","meta":[],"_links":{"self":[{"href":"https:\/\/www.softsalo.fi\/index.php?rest_route=\/wp\/v2\/pages\/23"}],"collection":[{"href":"https:\/\/www.softsalo.fi\/index.php?rest_route=\/wp\/v2\/pages"}],"about":[{"href":"https:\/\/www.softsalo.fi\/index.php?rest_route=\/wp\/v2\/types\/page"}],"author":[{"embeddable":true,"href":"https:\/\/www.softsalo.fi\/index.php?rest_route=\/wp\/v2\/users\/1"}],"replies":[{"embeddable":true,"href":"https:\/\/www.softsalo.fi\/index.php?rest_route=%2Fwp%2Fv2%2Fcomments&post=23"}],"version-history":[{"count":104,"href":"https:\/\/www.softsalo.fi\/index.php?rest_route=\/wp\/v2\/pages\/23\/revisions"}],"predecessor-version":[{"id":939,"href":"https:\/\/www.softsalo.fi\/index.php?rest_route=\/wp\/v2\/pages\/23\/revisions\/939"}],"wp:attachment":[{"href":"https:\/\/www.softsalo.fi\/index.php?rest_route=%2Fwp%2Fv2%2Fmedia&parent=23"}],"curies":[{"name":"wp","href":"https:\/\/api.w.org\/{rel}","templated":true}]}}