{"id":32,"date":"2018-10-24T14:08:02","date_gmt":"2018-10-24T11:08:02","guid":{"rendered":"http:\/\/www.softsalo.fi\/?page_id=32"},"modified":"2025-05-16T13:08:15","modified_gmt":"2025-05-16T10:08:15","slug":"ilmainen-viljelysuunnittelu","status":"publish","type":"page","link":"https:\/\/www.softsalo.fi\/?page_id=32","title":{"rendered":"Ilmainen viljelysuunnittelu"},"content":{"rendered":"<div class=\"region region-content\">\n<div id=\"block-bartik-content\" class=\"block block-system block-system-main-block\">\n<div class=\"content\">\n<article class=\"node node--type-page node--view-mode-full clearfix\" role=\"article\" data-history-node-id=\"8\">\n<div class=\"node__content clearfix\">\n<div class=\"clearfix text-formatted field field--name-body field--type-text-with-summary field--label-hidden field__item\">\n<p>Kokeile riskitt\u00e4! Softsalo tarjoaa Peltotuki Micro -lohkokirjanpito-ohjelman ensimm\u00e4isen kasvukauden k\u00e4yt\u00f6n kokonaan.<\/p>\n<p><i><span class=\"discreet\"><strong>T<\/strong><\/span><span class=\"discreet\"><strong>utustu my\u00f6s: <\/strong><\/span><a href=\"http:\/\/www.softsalo.fi\/?page_id=34\"> <span class=\"internal-link\"><span class=\"discreet\"><strong>Laskutus ilman ohjelman ostoa<\/strong><\/span><\/span><\/a><\/i><\/p>\n<div id=\"content-core\">\n<div id=\"parent-fieldname-text\" class=\"plain\">\n<p>Peltotuki on omalle tietokoneelle asennettava Windows-ohjelma. Siksi se toimii nopeasti eik\u00e4 tarvitse jatkuvaa nettiyhteytt\u00e4. Netti\u00e4 k\u00e4ytet\u00e4\u00e4n tehokkaasti hyv\u00e4ksi (Vipu-tietojen nouto ja l\u00e4hetys, maan\u00e4ytteet, Tukesin kasvinsuojeluainetiedot, ohjelman p\u00e4ivitykset, tiedotteet, synkronointi Sirppi-pilvipalveluun&#8230;), mutta netin takkuilu ei est\u00e4 ohjelman sujuvaa k\u00e4ytt\u00f6\u00e4. Tuhannet k\u00e4ytt\u00e4j\u00e4t ovat todenneet t\u00e4m\u00e4n yhdistelm\u00e4n parhaaksi vaihtoehdoksi.<\/p>\n<h3>Kaksi vaihtoehtoa, Peltotuki Pro ja Peltotuki Micro<\/h3>\n<p>Peltotuki Pro on tunnettu viljelyohjelmistojen edell\u00e4k\u00e4vij\u00e4, jolla on eritt\u00e4in hyv\u00e4 maine. Jos haluat laajemmat ominaisuudet, oikea valinta on Peltotuki Pro. Peltotuki Pro on maksullinen ohjelma, jonka hintatiedot l\u00f6ytyv\u00e4t Hinnasto-sivulta. Lis\u00e4tietoja Peltotuki Pro -ohjelmasta.<\/p>\n<p>Jos et omista tai halua hankkia\u00a0Peltotuki Pro -ohjelmaa, sinun kannattaa ehdottomasti tutustua Peltotuki Microon. Peltotuki Micro on Peltotuki Pro -ohjelman &#8221;pikkuveli&#8221;, jolla voi tehd\u00e4 kaiken v\u00e4ltt\u00e4m\u00e4tt\u00f6m\u00e4n, helposti ja tehokkaasti. Ja t\u00e4ysin ilman riski\u00e4, sill\u00e4 ohjelman saa k\u00e4ytt\u00f6\u00f6n ilmaiseksi.<\/p>\n<h3>Lis\u00e4tietoja Peltotuki Microsta<\/h3>\n<p><strong>Peltotuki Micro -ohjelmalla voi<\/strong><\/p>\n<ul>\n<li>noutaa perus- ja kasvulohkot Vipu-palvelusta tai tallentaa k\u00e4sin<\/li>\n<li>hakea tukia s\u00e4hk\u00f6isesti<\/li>\n<li>tehd\u00e4 viljelysuunnitelman<\/li>\n<li>seurata torjunta-aineiden k\u00e4ytt\u00f6rajoituksia<\/li>\n<\/ul>\n<ul>\n<li>synkronoida tietoja\u00a0<a href=\"http:\/\/www.sirppi.fi\">Sirppi-pilvipalvelun <\/a>kanssa ja k\u00e4ytt\u00e4\u00e4 niit\u00e4 k\u00e4nnyk\u00e4ll\u00e4<\/li>\n<li>tehd\u00e4 lohkokirjanpidon<\/li>\n<li>tarkistaa tallennetut tiedot<\/li>\n<li>sivutuotteena n\u00e4hd\u00e4 tuotannon kannattavuuden<\/li>\n<\/ul>\n<p><strong>Ent\u00e4 hinta?<\/strong><\/p>\n<ul>\n<li>Ohjelman hankinta on ilmainen<\/li>\n<li>Softsalo tarjoaa ensimm\u00e4isen kasvukauden k\u00e4yt\u00f6n<\/li>\n<li>Kokeilu ei sido k\u00e4ytt\u00e4j\u00e4\u00e4<\/li>\n<li>Softsalo tarjoaa\u00a0normaalit neuvonta- ja tukipalvelut ilmaiseksi<\/li>\n<li>Jatkossa ohjelman k\u00e4yt\u00f6st\u00e4 ja yll\u00e4pidosta perit\u00e4\u00e4n pieni vuosimaksu (80,- + alv, v. 2025 hinnasto)<\/li>\n<li>Halutessaan ohjelman voi vaihtaa laajempaan Peltotuki Pro -ohjelmaan. My\u00f6s tiedot siirtyv\u00e4t.<\/li>\n<\/ul>\n<p><strong>Helppo alkuun l\u00e4ht\u00f6<\/strong><\/p>\n<ul>\n<li><a href=\"http:\/\/hae12.softsalo.fi\/peltotuki\/peltotukiasennus.exe\">Nouda ohjelma t\u00e4st\u00e4<\/a><\/li>\n<li>Rekister\u00f6i asennuksen p\u00e4\u00e4tteeksi ilmaista k\u00e4ytt\u00f6aikaa<\/li>\n<li>Nouda omat lohkosi hallinnon Vipu-palvelusta tai tallenna k\u00e4sin<\/li>\n<li>Nouda maan\u00e4ytteet Tuloslaarista tai tiedostosta, tai tallenna k\u00e4sin<\/li>\n<li>Valitse viljelykasvit, ja voit hakea tukia ohjelman avulla s\u00e4hk\u00f6isesti tai paperilla<\/li>\n<li>Suunnittele viljelytapahtumat, ja voit synkronoida tiedot Sirppi-pilvipalvelun kanssa<\/li>\n<\/ul>\n<p><strong>Mutta miksi?<\/strong><\/p>\n<p>Me uskomme, ett\u00e4 olet tyytyv\u00e4inen.<\/p>\n<p>Peltotuki Pro -ohjelmalla on tuhansia tyytyv\u00e4isi\u00e4 k\u00e4ytt\u00e4ji\u00e4 ja ohjelmalla on eritt\u00e4in hyv\u00e4 maine. Olemme aina panostaneet markkinoinnin sijasta ohjelman tuotekehitykseen ja valtaosa k\u00e4ytt\u00e4jist\u00e4 onkin hankkinut ohjelman kuultuaan naapurin tai tuttavan hyvist\u00e4 kokemuksista. Silloin t\u00e4ll\u00f6in meilt\u00e4 kysyt\u00e4\u00e4n, miksi emme ole aktiivisempia, koska tuote on loistava.<\/p>\n<p>Nyt teemme Sinulle uskomattoman tarjouksen: Kokeile Peltotuki Micro -ohjelmaa koko kasvukauden ajan ilmaiseksi. Jos\u00a0olet ohjelmaan tyytyv\u00e4inen ja haluat jatkaa yhteisty\u00f6t\u00e4 kanssamme,\u00a0mekin olemme tyytyv\u00e4isi\u00e4. Jos haluat laajemman ohjelman, sekin k\u00e4y. Ja jos olet tyytym\u00e4t\u00f6n, et ole menett\u00e4nyt mit\u00e4\u00e4n. Reilu tarjous, eik\u00f6 totta?<\/p>\n<p>T\u00e4h\u00e4n kannattaa tarttua.<\/p>\n<p><a href=\"http:\/\/hae12.softsalo.fi\/peltotuki\/peltotukiasennus.exe\">Asennustiedoston nouto<\/a><\/p>\n<p>Ps. Kovin tiukalle asetettu palomuuriohjelma voi joissakin tapauksissa est\u00e4\u00e4 ilmaisen k\u00e4ytt\u00f6ajan rekister\u00f6innin. Tarvittaessa palomuurin voi esim. asettaa rekister\u00f6intihetkeksi pois p\u00e4\u00e4lt\u00e4. Toinen vaihtoehto on tallentaa k\u00e4ytt\u00f6aikakoodit k\u00e4sin, sill\u00e4 <strong>koodit l\u00e4hetet\u00e4\u00e4n my\u00f6s antamaasi s\u00e4hk\u00f6postiosoitteeseen<\/strong>.<\/p>\n<p>Peltotuki Micron laitteistovaatimuksena on Windows 10 tai 11.<\/p>\n<hr \/>\n<p class=\"discreet\">S\u00e4hk\u00f6inen tukihaku-Viljelysuunnittelu-Lohkokirjanpito-Tietojen tarkistus-Kasvinsuojeluainerekisteri-Kannattavuus-Maan\u00e4ytteet-Ravinnekatot-Lannoitus-Siemenlaskenta-Kasvinsuojelu- Fosforin tasaus-Kustannukset-Ilmainen k\u00e4ytt\u00f6tuki-Puhelintuki-Neuvonta-Ajankohtaistiedotteet-S\u00e4hk\u00f6postituki-Et\u00e4k\u00e4ytt\u00f6 ongelmatilanteissa<\/p>\n<\/div>\n<\/div>\n<\/div>\n<\/div>\n<\/article>\n<\/div>\n<\/div>\n<\/div>\n","protected":false},"excerpt":{"rendered":"<p>Kokeile riskitt\u00e4! Softsalo tarjoaa Peltotuki Micro -lohkokirjanpito-ohjelman ensimm\u00e4isen kasvukauden k\u00e4yt\u00f6n kokonaan. Tutustu my\u00f6s: Laskutus ilman ohjelman ostoa Peltotuki on omalle tietokoneelle asennettava Windows-ohjelma. Siksi se toimii nopeasti eik\u00e4 tarvitse jatkuvaa nettiyhteytt\u00e4. Netti\u00e4 k\u00e4ytet\u00e4\u00e4n tehokkaasti hyv\u00e4ksi (Vipu-tietojen nouto ja l\u00e4hetys, maan\u00e4ytteet, Tukesin kasvinsuojeluainetiedot, ohjelman p\u00e4ivitykset, tiedotteet, synkronointi Sirppi-pilvipalveluun&#8230;), mutta netin takkuilu ei est\u00e4 ohjelman sujuvaa k\u00e4ytt\u00f6\u00e4&#8230;.<\/p>\n","protected":false},"author":1,"featured_media":0,"parent":0,"menu_order":8,"comment_status":"closed","ping_status":"closed","template":"","meta":[],"_links":{"self":[{"href":"https:\/\/www.softsalo.fi\/index.php?rest_route=\/wp\/v2\/pages\/32"}],"collection":[{"href":"https:\/\/www.softsalo.fi\/index.php?rest_route=\/wp\/v2\/pages"}],"about":[{"href":"https:\/\/www.softsalo.fi\/index.php?rest_route=\/wp\/v2\/types\/page"}],"author":[{"embeddable":true,"href":"https:\/\/www.softsalo.fi\/index.php?rest_route=\/wp\/v2\/users\/1"}],"replies":[{"embeddable":true,"href":"https:\/\/www.softsalo.fi\/index.php?rest_route=%2Fwp%2Fv2%2Fcomments&post=32"}],"version-history":[{"count":11,"href":"https:\/\/www.softsalo.fi\/index.php?rest_route=\/wp\/v2\/pages\/32\/revisions"}],"predecessor-version":[{"id":884,"href":"https:\/\/www.softsalo.fi\/index.php?rest_route=\/wp\/v2\/pages\/32\/revisions\/884"}],"wp:attachment":[{"href":"https:\/\/www.softsalo.fi\/index.php?rest_route=%2Fwp%2Fv2%2Fmedia&parent=32"}],"curies":[{"name":"wp","href":"https:\/\/api.w.org\/{rel}","templated":true}]}}