{"id":51,"date":"2018-10-25T10:59:30","date_gmt":"2018-10-25T07:59:30","guid":{"rendered":"http:\/\/www.softsalo.fi\/?page_id=51"},"modified":"2024-05-24T12:41:11","modified_gmt":"2024-05-24T09:41:11","slug":"peltotukipro","status":"publish","type":"page","link":"https:\/\/www.softsalo.fi\/?page_id=51","title":{"rendered":"Peltotuki Pro"},"content":{"rendered":"<div class=\"region region-content\">\n<div id=\"block-bartik-page-title\" class=\"block block-core block-page-title-block\">\n<div class=\"content\"><strong>Viljelysuunnittelu ja lohkokirjanpito<\/strong><\/div>\n<div><\/div>\n<\/div>\n<div id=\"block-bartik-content\" class=\"block block-system block-system-main-block\">\n<div class=\"content\">\n<article class=\"node node--type-page node--view-mode-full clearfix\" role=\"article\" data-history-node-id=\"19\">\n<div class=\"node__content clearfix\">\n<div class=\"clearfix text-formatted field field--name-body field--type-text-with-summary field--label-hidden field__item\">\n<div id=\"parent-fieldname-description\" class=\"documentDescription\">Nykyaikaisten viljelysuunnitteluohjelmistojen uranuurtaja, joka sis\u00e4lt\u00e4\u00e4 kaikki viljelyyn liittyv\u00e4t ATK-ty\u00f6kalut. Viljelysuunnitelma, lohkokirjanpito, s\u00e4hk\u00f6inen tukien haku, torjunta-aineiden k\u00e4ytt\u00f6rajoitukset ym. Laskee my\u00f6s kannattavuuden. Valinnaisina lis\u00e4moduleina mm. Pluspaketti ja karttaosa.<\/div>\n<div><\/div>\n<div id=\"content-core\">\n<div id=\"parent-fieldname-text-8bdb29caede504ffd79dd8d5cab994bf\">\n<p>Peltotuki Pro on helppok\u00e4ytt\u00f6inen peltoviljelyn suunnittelu- ja seurantaohjelma Windows-tietokoneille. Peltotuki Pro sis\u00e4lt\u00e4\u00e4 kaikki t\u00e4m\u00e4n p\u00e4iv\u00e4n viljelyss\u00e4 tarvittavat tiedot\u00a0 ja ty\u00f6kalut. Mobiilik\u00e4ytt\u00f6\u00e4 varten ohjelma on linkitetty <a class=\"external-link\" href=\"http:\/\/www.sirppi.fi\">Sirppi-pilvipalvelun<\/a> kanssa.<\/p>\n<p>Peltotuki Pro huomioi ymp\u00e4rist\u00f6korvauksen vaatimukset ja torjunta-aineiden k\u00e4ytt\u00f6rajoitukset, tuottaa lohkokirjanpidon ja laskee samalla viljelyn kannattavuuden. Ohjelma sis\u00e4lt\u00e4\u00e4 mm. viljelysuunnitelman teon, lohkokirjanpidon ja maatalousviranomaisten vaatimat tulosteet.<\/p>\n<p>Peltotuki Prossa on mukana sek\u00e4 s\u00e4hk\u00f6inen tukihaku ett\u00e4 kasvulohkolomakkeen tulostus paperille. Lohkot voi noutaa helposti suoraan Vipu-palvelusta ohjelmaan. Ohjelmassa on my\u00f6s kasvinsuojeluaineiden k\u00e4ytt\u00f6rajoitusten seuranta ja tarkistustoiminto, joka pyrkii huomauttamaan korjausta vaativista lohkokirjanpitomerkinn\u00f6ist\u00e4 kuten liian pitk\u00e4st\u00e4 fosforin tasausjaksosta, vanhentuvista maan\u00e4ytteitteist\u00e4 tai ravinnekattojen ylityksest\u00e4.<\/p>\n<h3><strong>Tehokkuutta ja selkeytt\u00e4<\/strong><\/h3>\n<p>Peltotuki Pro on tehty tavallisen viljelij\u00e4n tai neuvojan n\u00e4k\u00f6kulmasta. Ohjelma on selke\u00e4 ja helppok\u00e4ytt\u00f6inen, mutta pyrkii kattamaan kaikki k\u00e4yt\u00e4nn\u00f6n tilanteet ja auttamaan k\u00e4ytt\u00e4j\u00e4\u00e4 joka tilanteessa.<\/p>\n<p><strong>Tankkiseos-toiminto<\/strong> on hyv\u00e4 ja kiitelty esimerkki asiakasl\u00e4ht\u00f6isest\u00e4 l\u00e4hestymistavasta. Tankkiseos-toiminnolla voi tallentaa kerralla yhdelle tai monelle lohkolle monta kasvinsuojeluainetta ja my\u00f6s niihin liittyv\u00e4n pakollisen havainnon. Ja mik\u00e4 parasta, seostiedot j\u00e4\u00e4v\u00e4t talteen tulevaa k\u00e4ytt\u00f6\u00e4 varten. Toiminto helpottaa ja nopeuttaa todella paljon kasvinsuojelutoimenpiteiden tallentamista.<\/p>\n<p><strong>Suodata-toiminto<\/strong> on toinen kiitelty esimerkki yksinkertaisesta, asiakkaan n\u00e4k\u00f6kulmasta tehdyst\u00e4 toiminnosta. Suodatuksella voi hetkess\u00e4 suodattaa n\u00e4kyviin vain halutut lohkot, on kyse sitten viljelykasvista, vuokranantajan nimest\u00e4, ker\u00e4\u00e4j\u00e4kasvista tai kolmannen vuoden nurmista.<\/p>\n<p><strong>Tallennettujen tietojen tarkistus<\/strong> on ehdoton apuv\u00e4line, joka huomauttaa mm. ravinneylityksist\u00e4, v\u00e4\u00e4r\u00e4st\u00e4 kasvinsuojeluaineesta, liian vanhoista maan\u00e4ytteist\u00e4 ja monesta muusta asiasta. Tarkistus suoritetaan automaattisesti aina ennen viljelysuunnitelman tai lohkokirjanpidon tulostamista. Moni turha sanktio on j\u00e4\u00e4nyt t\u00e4h\u00e4n haaviin.<\/p>\n<p><strong>Suunnittelumallit <\/strong>ovat tehok\u00e4ytt\u00e4j\u00e4n monipuolisia ty\u00f6kaluja. Suunnittelumalli on kuin hehtaarin pelto, joka sis\u00e4lt\u00e4\u00e4 esim. kaikki oman tilan nurmilohkojen toimenpiteet. Mallit ovat vapaasti muokattavissa ja mallin tapahtumat saa tuotua kerralla lohkolle. Malleilla voi my\u00f6s laskea eri vaihtoehtojen kannattavuutta ilman lohkoille teht\u00e4vi\u00e4 muutoksia.<\/p>\n<p><strong>Tietojen mobiilik\u00e4ytt\u00f6<\/strong> onnistuu aidolla mobiilisovelluksella suoraan k\u00e4nnyk\u00e4ll\u00e4. Peltotuen tiedot on linkitetty <a class=\"external-link\" href=\"http:\/\/www.sirppi.fi\">Sirppi-pilvipalveluun<\/a>, joka mm. hy\u00f6dynt\u00e4\u00e4 paikkatietoa,\u00a0n\u00e4ytt\u00e4\u00e4 kartat ja mahdollistaa karttamerkint\u00f6jen teon. Sirppi osaa n\u00e4ytt\u00e4\u00e4 sen lohkon tiedot, jolla olet. Tapahtumia voi kuitata yhdell\u00e4 n\u00e4p\u00e4ytyksell\u00e4.<\/p>\n<h3>Tukipalvelut auttavat ongelmatilanteissa<\/h3>\n<p>Ohjelmaan kuuluu yll\u00e4pitopalvelu, joka takaa k\u00e4ytt\u00e4jille mm:<\/p>\n<ul>\n<li>Uusimmat ohjelmaversiot ja jatkuvan yll\u00e4pidon<\/li>\n<li>Ajantasaiset tiedotteet mm. hallinnon uusista ohjeista<\/li>\n<li>Henkil\u00f6kohtaisen avun puhelimitse, s\u00e4hk\u00f6postilla ja tarvittaessa et\u00e4yhteydell\u00e4<\/li>\n<\/ul>\n<p>Nouda demo-ohjelma\u00a0<a href=\"http:\/\/www.softsalo.fi\/?page_id=23\">Lataa ohjelmia<\/a> -sivulta<\/p>\n<p class=\"discreet\">S\u00e4hk\u00f6inen tukihaku-Viljelysuunnittelu-Lohkokirjanpito-Tietojen tarkistus-Kasvinsuojeluainerekisteri-Kannattavuus-Maan\u00e4ytteet-Ravinnekatot-Lannoitus-Siemenlaskenta-Kasvinsuojelu- Fosforin tasaus-Kustannukset-Ilmainen k\u00e4ytt\u00f6tuki-Puhelintuki-Neuvonta-Ajankohtaistiedotteet-S\u00e4hk\u00f6postituki-Et\u00e4k\u00e4ytt\u00f6 ongelmatilanteissa-Ravinnetaseen laskenta-Liukoisen typen tarkennus-Viljelyn monipuolistaminen-Ker\u00e4\u00e4j\u00e4kasvien viljely-Vipukartta-Pinta-alalaskenta-Salaojat-Asemapiirros-Tiet-Mets\u00e4kuviot-Ravinnekartta-Todellinen viljelyn kannattavuus-Tukien vaikutus eri kasveilla-Tukioikeudet<\/p>\n<\/div>\n<\/div>\n<\/div>\n<\/div>\n<\/article>\n<\/div>\n<\/div>\n<\/div>\n","protected":false},"excerpt":{"rendered":"<p>Viljelysuunnittelu ja lohkokirjanpito Nykyaikaisten viljelysuunnitteluohjelmistojen uranuurtaja, joka sis\u00e4lt\u00e4\u00e4 kaikki viljelyyn liittyv\u00e4t ATK-ty\u00f6kalut. Viljelysuunnitelma, lohkokirjanpito, s\u00e4hk\u00f6inen tukien haku, torjunta-aineiden k\u00e4ytt\u00f6rajoitukset ym. Laskee my\u00f6s kannattavuuden. Valinnaisina lis\u00e4moduleina mm. Pluspaketti ja karttaosa. Peltotuki Pro on helppok\u00e4ytt\u00f6inen peltoviljelyn suunnittelu- ja seurantaohjelma Windows-tietokoneille. Peltotuki Pro sis\u00e4lt\u00e4\u00e4 kaikki t\u00e4m\u00e4n p\u00e4iv\u00e4n viljelyss\u00e4 tarvittavat tiedot\u00a0 ja ty\u00f6kalut. Mobiilik\u00e4ytt\u00f6\u00e4 varten ohjelma on linkitetty Sirppi-pilvipalvelun&#8230;<\/p>\n","protected":false},"author":1,"featured_media":0,"parent":21,"menu_order":3,"comment_status":"closed","ping_status":"closed","template":"","meta":[],"_links":{"self":[{"href":"https:\/\/www.softsalo.fi\/index.php?rest_route=\/wp\/v2\/pages\/51"}],"collection":[{"href":"https:\/\/www.softsalo.fi\/index.php?rest_route=\/wp\/v2\/pages"}],"about":[{"href":"https:\/\/www.softsalo.fi\/index.php?rest_route=\/wp\/v2\/types\/page"}],"author":[{"embeddable":true,"href":"https:\/\/www.softsalo.fi\/index.php?rest_route=\/wp\/v2\/users\/1"}],"replies":[{"embeddable":true,"href":"https:\/\/www.softsalo.fi\/index.php?rest_route=%2Fwp%2Fv2%2Fcomments&post=51"}],"version-history":[{"count":7,"href":"https:\/\/www.softsalo.fi\/index.php?rest_route=\/wp\/v2\/pages\/51\/revisions"}],"predecessor-version":[{"id":747,"href":"https:\/\/www.softsalo.fi\/index.php?rest_route=\/wp\/v2\/pages\/51\/revisions\/747"}],"up":[{"embeddable":true,"href":"https:\/\/www.softsalo.fi\/index.php?rest_route=\/wp\/v2\/pages\/21"}],"wp:attachment":[{"href":"https:\/\/www.softsalo.fi\/index.php?rest_route=%2Fwp%2Fv2%2Fmedia&parent=51"}],"curies":[{"name":"wp","href":"https:\/\/api.w.org\/{rel}","templated":true}]}}