{"id":59,"date":"2018-10-25T11:12:42","date_gmt":"2018-10-25T08:12:42","guid":{"rendered":"http:\/\/www.softsalo.fi\/?page_id=59"},"modified":"2025-05-16T13:13:12","modified_gmt":"2025-05-16T10:13:12","slug":"prolasku","status":"publish","type":"page","link":"https:\/\/www.softsalo.fi\/?page_id=59","title":{"rendered":"Prolasku"},"content":{"rendered":"<div class=\"region region-content\">\n<div id=\"block-bartik-content\" class=\"block block-system block-system-main-block\">\n<div class=\"content\">\n<article class=\"node node--type-page node--view-mode-full clearfix\" role=\"article\" data-history-node-id=\"26\">\n<div class=\"node__content clearfix\">\n<div class=\"clearfix text-formatted field field--name-body field--type-text-with-summary field--label-hidden field__item\">\n<p><strong>Ilmainen laskutusohjelma<\/strong><\/p>\n<p>Prolasku on helppok\u00e4ytt\u00f6inen ja itse ohjelmana ilmainen laskutusohjelma Windows-tietokoneille. K\u00e4yt\u00f6st\u00e4 ja yll\u00e4pidosta perit\u00e4\u00e4n kuitenkin pieni k\u00e4ytt\u00f6maksu, jotta ohjelma pysyy jatkuvasti ajan tasalla. Toimii my\u00f6s ilman nettiyhteytt\u00e4. Kokeile itse!<\/p>\n<p>Prolasku on ilmainen laskutusohjelma. T\u00e4m\u00e4 tarkoittaa, ett\u00e4 itse ohjelman hankinta ei maksa mit\u00e4\u00e4n. K\u00e4yt\u00f6st\u00e4 ja yll\u00e4pidosta perimme pienen vuosimaksun (70,- + alv), joka kattaa k\u00e4ytt\u00e4j\u00e4neuvonnan, uudet ohjelmaversiot ja mm. laskus\u00e4\u00e4d\u00f6sten aiheuttamat muutokset. N\u00e4in ohjelma on aina ajan tasalla, vaikka sit\u00e4 ei ole koskaan tarvinnut ostaa.<\/p>\n<p>Lains\u00e4\u00e4d\u00e4nn\u00f6n muutokset aiheuttavat usein huomattavia muutostarpeita my\u00f6s laskutusohjelmiin. Prolaskussa kaikki muutokset sis\u00e4ltyv\u00e4t vuosimaksuun. Ohjelma sis\u00e4lt\u00e4\u00e4 mm. arvonlis\u00e4veron keskitetyn muutoksen ja rakennusalan k\u00e4\u00e4nnetyn alv:n.<\/p>\n<p>Vuosimaksu kattaa kaikki ohjelman kulut. Tarvittaessa tukihenkil\u00f6mme voi avustaa k\u00e4ytt\u00e4j\u00e4\u00e4 my\u00f6s ohjelmaan sis\u00e4ltyv\u00e4ll\u00e4 et\u00e4yhteydell\u00e4.<\/p>\n<p>Prolasku on loistava valinta mm. pienille yrityksille ja yhdistyksille. Laskutus on helppoa, kustannus on kiinte\u00e4, laskutusasiat ovat aina ajan tasalla ja apuakin saa tarvittaessa.<\/p>\n<p><strong>Prolasku on helppok\u00e4ytt\u00f6inen laskutusohjelma, jolla voi<\/strong><\/p>\n<ul>\n<li>tehd\u00e4 selkeit\u00e4 laskuja, jotka sis\u00e4lt\u00e4v\u00e4t pankkisiirron ja pankkiviivakoodin<\/li>\n<li>tulostaa laskut paperille tai PDF-tiedostoon<\/li>\n<li>muodostaa Finvoice-standardin mukaisen verkkolaskutusaineiston<\/li>\n<li>tulostaa l\u00e4hetyslistat ja muistutuslaskut<\/li>\n<li>seurata avoimia laskuja ja kirjata maksusuoritukset<\/li>\n<li>luoda ja tulostaa monipuolisia laskutustilastoja<\/li>\n<li>siirt\u00e4\u00e4 laskutustiedot Exceliin ja Wordiin<\/li>\n<li>tehd\u00e4 varastoinventaarion<\/li>\n<li>yll\u00e4pit\u00e4\u00e4 ajop\u00e4iv\u00e4kirjaa<\/li>\n<\/ul>\n<p><strong>Prolasku maksaa vain vuosimaksun verran (70,- + Alv) ja on aina ajan tasalla. <\/strong>Kokeile, kuinka helppoa laskutus voi olla!<\/p>\n<p><a href=\"http:\/\/hae12.softsalo.fi\/prolasku\/asennaprolasku.exe\" download=\"AsennaProlasku.exe\">Tutustu demoversioon<\/a> ja tee oma valintasi!<\/p>\n<p>Kun olet tutustunut demoversioon ja haluat ottaa Prolaskun omaan k\u00e4ytt\u00f6\u00f6si, tilaa avauskoodit Softsalosta puhelimitse p. 02 777 1451 tai s\u00e4hk\u00f6postilla osoitteesta tuki(\u00e4t)softsalo.fi. Saat koodit nopeasti.<\/p>\n<\/div>\n<\/div>\n<\/article>\n<\/div>\n<\/div>\n<\/div>\n","protected":false},"excerpt":{"rendered":"<p>Ilmainen laskutusohjelma Prolasku on helppok\u00e4ytt\u00f6inen ja itse ohjelmana ilmainen laskutusohjelma Windows-tietokoneille. K\u00e4yt\u00f6st\u00e4 ja yll\u00e4pidosta perit\u00e4\u00e4n kuitenkin pieni k\u00e4ytt\u00f6maksu, jotta ohjelma pysyy jatkuvasti ajan tasalla. Toimii my\u00f6s ilman nettiyhteytt\u00e4. Kokeile itse! Prolasku on ilmainen laskutusohjelma. T\u00e4m\u00e4 tarkoittaa, ett\u00e4 itse ohjelman hankinta ei maksa mit\u00e4\u00e4n. K\u00e4yt\u00f6st\u00e4 ja yll\u00e4pidosta perimme pienen vuosimaksun (70,- + alv), joka kattaa k\u00e4ytt\u00e4j\u00e4neuvonnan,&#8230;<\/p>\n","protected":false},"author":1,"featured_media":0,"parent":21,"menu_order":5,"comment_status":"closed","ping_status":"closed","template":"","meta":[],"_links":{"self":[{"href":"https:\/\/www.softsalo.fi\/index.php?rest_route=\/wp\/v2\/pages\/59"}],"collection":[{"href":"https:\/\/www.softsalo.fi\/index.php?rest_route=\/wp\/v2\/pages"}],"about":[{"href":"https:\/\/www.softsalo.fi\/index.php?rest_route=\/wp\/v2\/types\/page"}],"author":[{"embeddable":true,"href":"https:\/\/www.softsalo.fi\/index.php?rest_route=\/wp\/v2\/users\/1"}],"replies":[{"embeddable":true,"href":"https:\/\/www.softsalo.fi\/index.php?rest_route=%2Fwp%2Fv2%2Fcomments&post=59"}],"version-history":[{"count":6,"href":"https:\/\/www.softsalo.fi\/index.php?rest_route=\/wp\/v2\/pages\/59\/revisions"}],"predecessor-version":[{"id":888,"href":"https:\/\/www.softsalo.fi\/index.php?rest_route=\/wp\/v2\/pages\/59\/revisions\/888"}],"up":[{"embeddable":true,"href":"https:\/\/www.softsalo.fi\/index.php?rest_route=\/wp\/v2\/pages\/21"}],"wp:attachment":[{"href":"https:\/\/www.softsalo.fi\/index.php?rest_route=%2Fwp%2Fv2%2Fmedia&parent=59"}],"curies":[{"name":"wp","href":"https:\/\/api.w.org\/{rel}","templated":true}]}}